(x) = -x**3 - 5*x**2 + 9*x - 14. Let w be q(-7). Calculate the highest common divisor of w and 6.
3
Suppose 4*q - 164 = 4*n, -2*q - 4*n + 167 = 67. Suppose 2*v = 3*v - 132. What is the greatest common factor of q and v?
44
Let x = -28 - -40. Let l be 18/4*8/x. Suppose 5*k - l*k - 6 = 0. Calculate the highest common divisor of 6 and k.
3
Suppose 0 = 3*u + 2*s + 54, 4*u + 2*s + 28 = -42. Let h(y) = -2*y + 46. Let f be h(25). Let j = f - u. What is the highest common divisor of 6 and j?
6
Suppose 7 = 4*f - 1. Let o be (f/(-4))/(10/380). Let g = o - -24. Calculate the greatest common factor of g and 45.
5
Let k be -3 - 12095/(-30) - (-13)/(-78). What is the greatest common divisor of k and 640?
80
Suppose 0*z = 3*z + 141. Let h = z - 27. Let q = 156 - h. Calculate the highest common divisor of q and 23.
23
Suppose -y - 2*w + 56 = 2*y, -2*y + 33 = -3*w. Suppose 2*l = 4*n - 36, 0*n + 27 = 3*n - l. Calculate the greatest common divisor of n and y.
9
Let x be (4 - (-65)/(-15)) + (-2)/(-6). Suppose -v = -2*i - 0*v + 87, -5*i + 3*v + 216 = x. What is the highest common divisor of i and 18?
9
Suppose 4*t - 429 - 627 = 0. What is the greatest common factor of t and 33?
33
Let h be 2/(-6) + (-18)/27. Let v be (12/14*h)/((-2)/14). Calculate the highest common factor of v and 48.
6
Let t = 9519 - 9463. Suppose w - 24 = -2*g - 6, -3*w - 3*g + 69 = 0. What is the greatest common factor of w and t?
28
Suppose -5*p = 2*s - 2*p - 96, 3*p = -3*s + 141. Calculate the greatest common divisor of 285 and s.
15
Let l(k) = 6*k**2 - 27*k - 51. Let s be l(-2). Let j = 1 + 26. Calculate the greatest common factor of s and j.
27
Suppose 0 = -50*a + 54*a + 2*k - 540, -4*a + 3*k = -540. Calculate the highest common divisor of a and 36.
9
Suppose 5*j = 4*s + 120, -j - 18*s + 17*s + 15 = 0. Let m(l) = 81*l - 1. Let v be m(1). Calculate the greatest common factor of v and j.
20
Suppose 3*t - w - 417 = w, -3*w = -9. Let g = t + -134. Calculate the highest common factor of g and 189.
7
Let j be 3/(1*1/105). Let w(k) = -k**3 - 14*k**2 + 29*k - 13. Let p be w(-16). What is the highest common factor of p and j?
35
Suppose 0 = i - 0*i - 14. Suppose -2*p = -i + 42. Let v = p + 26. What is the greatest common divisor of v and 60?
12
Suppose 22 = 2*z + 500. Let j = -161 - z. Let x = -24 + 76. Calculate the greatest common factor of x and j.
26
Let m = -1587 + 1680. What is the greatest common factor of m and 2?
1
Suppose -378 = -4*z + 2*h, 4*h + 26 = 6. What is the greatest common divisor of z and 529?
23
Let b be 5/(-1)*(-114)/15. Suppose -6*i + 5 = t - i, b = 4*t + 2*i. Suppose t*p = 5*p + 65. Calculate the greatest common divisor of 104 and p.
13
Suppose 0 = -2*d - 3*b + 9 + 3, 5*d + 3*b - 21 = 0. Let x be (11 - 14) + d + 0. Let u be 51/12*(4 + x). Calculate the greatest common divisor of u and 187.
17
Let k = 24 + -21. Let v be 2 + -2 - (-9)/k. Suppose j = -4*j - 5*l + 35, j + 5*l - v = 0. What is the greatest common factor of 24 and j?
8
Suppose 8*y - 10 = 3*y, -5*y = g - 3. Let f(k) = 2*k**2 + 8*k + 14. Let m be f(g). What is the highest common factor of m and 8?
8
Let l = -35 - -12. Let g = l - -38. Let f = 40 - 30. Calculate the greatest common factor of f and g.
5
Suppose -v + 2*z + 133 = 0, 4*v + 3*z - 694 = -151. Let n = 145 + -91. What is the highest common divisor of n and v?
27
Let l = 761 + -719. What is the highest common factor of 903 and l?
21
Let u(p) = 286*p**3 + p**2 - p. Let z = 10 + -25. Let m be 6*(-10)/z - 3. Let d be u(m). What is the highest common divisor of 26 and d?
26
Let c(t) = 190*t - 1880. Let g be c(10). Suppose -3*y = -4*l - 7*y + 648, 314 = 2*l - 3*y. Calculate the greatest common divisor of l and g.
20
Suppose 0 = -4*j - 3*i + 2522, -2*j - 512 = 4*i - 1768. Calculate the greatest common factor of j and 16.
8
Let a be (-33)/(-7) + 4/14. Let j be (-4 + -14 - -4)*1. Let g(u) = u**2 + 13*u - 4. Let m be g(j). Calculate the greatest common factor of m and a.
5
Let w = 98 - 94. Let j be (13/(-1) + w)*-9. What is the highest common factor of j and 9?
9
Suppose o - 2 = 2. Suppose d + 19 = 2*q - 0*d, o*q + 2*d = 58. Let z = -141 - -177. Calculate the highest common factor of z and q.
12
Let h(a) = -a - 143. Let g be h(0). Suppose 4*q = -29 + 17. Let i = q - g. Calculate the greatest common divisor of 20 and i.
20
Let r(g) = 3*g**2 + 25*g + 13. Let b be r(-9). Calculate the greatest common factor of 341 and b.
31
Suppose -1507*b + 1519*b - 540 = 0. Calculate the greatest common divisor of b and 18.
9
Let a = 48 + -18. Let b(x) = -x**2 - 16*x + 3. Let i be b(-11). Let s = i - 48. Calculate the highest common divisor of s and a.
10
Let c be ((-3)/9 - (-85)/(-15)) + 296. What is the highest common factor of 406 and c?
58
Suppose -2*g + 2200 = -3*f, -2936 = 4*f - 4*g + 2*g. Let u be (f/(-115))/((-2)/(-15)). What is the greatest common factor of 32 and u?
16
Let h(l) = l**3 - 4*l**2 + 2*l + 2. Let z be h(3). Let i be -23*z/(2 - 1). Let p be 250 + -9 + 16 + -4. Calculate the highest common factor of i and p.
23
Suppose -c - 54 + 304 = 0. Calculate the highest common factor of 2 and c.
2
Suppose n - 2*d - 20 = -6*d, 0 = -5*n - 3*d + 32. Suppose -n*v + 8 = -32. Calculate the highest common divisor of v and 10.
10
Let a be (6 + -5)*(-2 + 19). Let t = -39 + 44. Suppose t = -n + a. What is the greatest common divisor of 36 and n?
12
Let s(u) = 10*u - 75. Let d be s(11). Calculate the highest common divisor of d and 21.
7
Let k be 4/((-148)/(-16) + -9). Calculate the highest common divisor of k and 736.
16
Let y = 55 - 19. Suppose -7*k + 14*k = 63. What is the greatest common factor of k and y?
9
Let t = -382 + 398. Calculate the greatest common factor of t and 16.
16
Let v be 793/117 - 7 - 238/(-18). Calculate the greatest common divisor of v and 3809.
13
Suppose -42*q + 600 = -27*q. Calculate the greatest common divisor of 45 and q.
5
Suppose 66 = 3*h - 4*p, -5*h = -6*p + 8*p - 136. Calculate the highest common factor of 832 and h.
26
Suppose -43*v + 51*v - 32 = 0. What is the greatest common factor of 64 and v?
4
Let d be 43 + 0 - 1 - (106 + -110). What is the greatest common factor of d and 46?
46
Let z(o) = -6*o. Let p be z(-5). Suppose -13*v + 20 = -11*v. What is the highest common factor of v and p?
10
Let m(k) be the second derivative of 0 + 1/6*k**3 + 12*k**2 - 5*k. Let o be m(-12). What is the greatest common divisor of 108 and o?
12
Suppose 6*t - 7 = -t. Suppose 3*c = 5*q + 36, 4*c + 17 - 57 = 4*q. What is the highest common divisor of c and t?
1
Suppose -6 = -2*p - 0*a + 4*a, 4*p = -2*a + 2. Suppose v = -p + 7. Let d be (-6)/(-7)*(6 - -1). Calculate the greatest common factor of v and d.
6
Suppose -646 = -20*l - 46. Calculate the highest common divisor of 21 and l.
3
Suppose 0 = 3*h + 2*a + 1, 0*a - 18 = 2*h - 3*a. Let v = h - -23. What is the greatest common factor of v and 4?
4
Let y = 97 - -157. Suppose -4*r + y + 34 = 0. Suppose -76*k + 126 = -69*k. Calculate the greatest common divisor of k and r.
18
Let w(t) = t**3 + 2*t**2 - 2*t + 2. Let n = 22 - 20. Let i be w(n). What is the highest common factor of 126 and i?
14
Suppose -o = 145 - 180. Calculate the greatest common factor of 77 and o.
7
Let c = 235 + -226. Suppose -3*n = 2*n - 45. Calculate the highest common factor of c and n.
9
Let a(w) = -w**2 + 8*w + 12. Let y be a(0). What is the greatest common divisor of 54 and y?
6
Suppose 3*o + 3*u - 72 = 0, 3*o - 26 - 52 = -u. Let l be 30/(-4)*(-72)/30. Calculate the highest common factor of o and l.
9
Suppose -3*g - 7 = -4*u, 3*g - 2*u = u - 3. Suppose g*i = -4*c + 2*i + 56, -2*c + i + 34 = 0. What is the highest common divisor of c and 15?
15
Let f be (-308)/(-33) - 4/(-6). Let g be (16/10)/(6/15). Suppose 3*j + 3*k - 225 = 0, g*k - 18 = 2. What is the greatest common divisor of j and f?
10
Suppose -20 = 2*w - 4*o - 6, 4*w = o. Let k(p) = 43*p**2 - 1. Let z be k(w). Calculate the greatest common divisor of 21 and z.
21
Let n = -139 - -72. Let i = 87 + n. What is the greatest common divisor of 4 and i?
4
Let x(c) = c - 6. Let t be x(12). Suppose 0 = 2*b + t, -u - 3*b + 0*b = -57. Calculate the highest common divisor of 6 and u.
6
Let m be ((-33855)/(-370))/(5/(-6) - -1). What is the greatest common divisor of m and 18?
9
Let u(y) = 16 + y - 4 + 14 - 5